{"id":3150,"date":"2018-08-15T20:39:45","date_gmt":"2018-08-15T20:39:45","guid":{"rendered":"http:\/\/www.ankamakina.com.tr\/mysite\/?page_id=3150"},"modified":"2018-08-15T20:39:45","modified_gmt":"2018-08-15T20:39:45","slug":"kredi-karti-guvenligi","status":"publish","type":"page","link":"https:\/\/www.ankajenerator.com.tr\/?page_id=3150","title":{"rendered":"Kredi Kart\u0131 G\u00fcvenli\u011fi"},"content":{"rendered":"<p>[vc_row][vc_column width=&#8221;1\/2&#8243;][vc_column_text]<\/p>\n<h3 style=\"text-align: center;\"><strong>G\u00dcVENL\u0130 ALI\u015eVER\u0130\u015e<\/strong><\/h3>\n<p>&nbsp;<\/p>\n<p>\u0130\u00e7iniz rahat olsun, https:\/\/www.ankamakina.com.tr online al\u0131\u015fveri\u015f g\u00fcvenli adresindesiniz. Sitemizden yapaca\u011f\u0131n\u0131z al\u0131\u015fveri\u015flerde y\u00fcksek g\u00fcvenlik standartlar\u0131 ge\u00e7erli.\u00a0COMODO SSL G\u00fcvenlik Sertifikas\u0131\u00a0ve\u00a03D\u00a0Secure servisleri sayesinde g\u00fcvenli\u011finizi riske atmadan sitemizde \u00f6zg\u00fcrce al\u0131\u015fveri\u015f yapabilirsiniz.<\/p>\n<p>https:\/\/www.ankamakina.com.tr, kredi kart\u0131yla yapaca\u011f\u0131n\u0131z al\u0131\u015fveri\u015flerde g\u00fcvenli\u011finiz i\u00e7in her zaman en son teknolojileri ve en iyi servis sa\u011flay\u0131c\u0131lar\u0131 kullan\u0131r.<\/p>\n<p>Ki\u015fisel bilgilerinizi girdi\u011finiz her sayfada, taray\u0131c\u0131n\u0131z\u0131n adres \u00e7ubu\u011funda bir kilit vard\u0131r. Bu anahtar, taray\u0131c\u0131n\u0131zla g\u00f6nderdi\u011finiz hi\u00e7bir bilginin \u00fc\u00e7\u00fcnc\u00fc \u015fah\u0131slarca g\u00f6r\u00fcnemeyece\u011finin i\u015faretidir.<\/p>\n<p>https:\/\/www.ankamakina.com.tr ki\u015fisel bilgilerinizi, kart numaras\u0131 ve \u015fifrelerinizi kay\u0131t etmez, saklamaz. Sitemizden verece\u011finiz her sipari\u015fi olu\u015fturma a\u015famas\u0131nda kart bilgilerini yeniden girmenizin nedeni budur.<\/p>\n<p>https:\/\/\u00a0www.ankamakina.com.tr,\u00a0SSL\u00a0g\u00fcvenlik sertifikalar\u0131n\u0131n en y\u00fcksek standard\u0131 olan\u00a0COMODO SSL (Green Lock : Ye\u015fil Kilit)\u00a0sertifikas\u0131na sahip bir al\u0131\u015fveri\u015f sitesidir.<\/p>\n<p>G\u00fcvenli\u011finizi test edin! Google Chrome taray\u0131c\u0131 kullan\u0131yorsan\u0131z, adres \u00e7ubu\u011funuzda ye\u015fil bir kilit simgesi ve &#8220;G\u00fcvenli&#8221; ifadesi ye\u015fil renkte g\u00f6r\u00fcn\u00fcr. Di\u011fer taray\u0131c\u0131lar\u0131n g\u00fcncel versiyonlar\u0131nda adres \u00e7ubu\u011funun g\u00f6r\u00fcn\u00fcm\u00fc farkl\u0131d\u0131r.<\/p>\n<p>3 Boyutlu G\u00fcvenlik \/ 3D Secure, online al\u0131\u015fveri\u015flerin g\u00fcvenli\u011fini sa\u011flamak amac\u0131yla kart kurulu\u015flar\u0131 taraf\u0131ndan geli\u015ftirilmi\u015f bir kimlik do\u011frulama sistemidir. \u0130nternetten yap\u0131lan al\u0131\u015fveri\u015flerde \u015fifreyle kredi kart\u0131 onaylama i\u015flemi olarak da bilinir. \u00d6deme yap\u0131l\u0131rken, kredi kart\u0131n\u0131 kulland\u0131\u011f\u0131n\u0131z banka bu sistemi destekliyorsa, bankan\u0131n web sayfas\u0131na y\u00f6nlendirilirsiniz. Telefonunuza SMS ile gelen \u015fifreyi bankan\u0131n sayfas\u0131na girdi\u011finizde ve kabul edildi\u011finde \u00f6deme ger\u00e7ekle\u015fir.<\/p>\n<p>&nbsp;<\/p>\n<p><u>Taksitli Kredi Kartlar\u0131<\/u><\/p>\n<p>\u015eu anda sitemizde World Card, Axess Kart, Wings Kart, Garanti Bonus kredi kartlar\u0131na taksit yap\u0131lmaktad\u0131r.<\/p>\n<p><u>Kredi Kart\u0131 Provizyon Aksakl\u0131klar\u0131<\/u><\/p>\n<p>Sipari\u015fleriniz s\u0131ras\u0131nda kredi kart\u0131n\u0131z a\u015fa\u011f\u0131da belirtilen nedenlerden dolay\u0131 onaylanmayabilir.<br \/>\n1.Kullan\u0131labilir limitinizin yetersiz olmas\u0131,<br \/>\n2.Kart numaran\u0131z\u0131 yanl\u0131\u015f girmeniz,<br \/>\n3.Kart\u0131n\u0131z\u0131n son kullanma tarihinin ge\u00e7mi\u015f olmas\u0131,<br \/>\n4.Onay i\u015flemleri s\u0131ras\u0131nda ba\u011flant\u0131 sorunuyla kar\u015f\u0131la\u015fman\u0131z,<br \/>\n5.Kulland\u0131\u011f\u0131n\u0131z kart bir ek kart ise ana kart sahibi taraf\u0131ndan iptal edilmi\u015f olmas\u0131,<br \/>\n6.Kay\u0131p ya da \u00e7al\u0131nt\u0131 ihbar\u0131 verdi\u011finiz kredi kart\u0131n\u0131z\u0131 yeniden kullanmaya \u00e7al\u0131\u015fman\u0131z,<br \/>\n7.Kulland\u0131\u011f\u0131n\u0131z kart\u0131n bir kredi kart\u0131 olmamas\u0131.<\/p>\n<p>Do\u011facak sorunlarla ilgili, kredi kart\u0131n\u0131 ald\u0131\u011f\u0131n\u0131z banka ile ileti\u015fime ge\u00e7meniz \u00f6nerilir.<\/p>\n<p>Kredi Kart\u0131 bilgilerinizi girdi\u011finiz sayfan\u0131n adres \u00e7ubu\u011funda bulunan kilit resmi bu sayfan\u0131n SSL ile \u015fifrelendi\u011fini g\u00f6sterir ve \u00fczerine t\u0131klad\u0131\u011f\u0131n\u0131zda \u015fifrelemenin hangi firmaya ait oldu\u011funu belirtir.<\/p>\n<p>&nbsp;<\/p>\n<p><u>SSL Sertifikas\u0131 Nedir?<\/u><\/p>\n<p>G\u00fcvenli al\u0131\u015fveri\u015f i\u00e7in SSL sertifikas\u0131 denen \u015fifreleme sistemi her e-ticaret sitesi i\u00e7in gereklidir ve zorunludur. Sitenin \u00e7al\u0131\u015ft\u0131\u011f\u0131 sunucuya kurulan bir \u015fifreleme eklentisidir. Her banka m\u00fc\u015fterilerinin al\u0131\u015fveri\u015f yaparken g\u00fcvenli ortama sahip olan sitelerden al\u0131\u015fveri\u015f yapmas\u0131n\u0131 ister ve bu \u015fartlara sahip olmayan sitelere kart\u0131n\u0131 kulland\u0131rmaz. Bu sayede al\u0131\u015fveri\u015finizin ki\u015fisel bilgileri ve \u00f6deme bilgilerini girdi\u011finiz k\u0131s\u0131mda, t\u00fcm bilgileriniz g\u00fcn\u00fcm\u00fcz teknolojisiyle k\u0131r\u0131lmas\u0131 g\u00fc\u00e7 bir \u015fekilde \u015fifrelenecek ve site ile sizin bilgisayar\u0131n\u0131z aras\u0131nda al\u0131\u015fveri\u015f bitene kadar yabanc\u0131lar\u0131n \u00e7\u00f6zemeyece\u011fi bir \u015fekilde bilgi ak\u0131\u015f\u0131 olacak.<\/p>\n<p><u>SSL sertifikas\u0131 olup olmad\u0131\u011f\u0131 nas\u0131l anla\u015f\u0131l\u0131r?<\/u><\/p>\n<p>Bir Internet sitesinde SSL sertifikas\u0131 bulunup bulunmad\u0131\u011f\u0131n\u0131 anlamak olduk\u00e7a kolayd\u0131r. Sitemizin \u00f6deme sayfalar\u0131nda adres \u00e7ubu\u011funda kilit i\u015fareti g\u00f6receksiniz. \u015eifreleme i\u015flem sadece kredi kart\u0131 bilgilerinin girildi\u011fi sayfalarda, fatura, teslimat ve di\u011fer ki\u015fisel bilgilerinin girildi\u011fi sayfalarda, \u00f6deme onay ekran\u0131 sayfalar\u0131nda, banka ile para \u00e7ekim i\u015fleminin yap\u0131ld\u0131\u011f\u0131 sayfalar\u0131nda kullan\u0131lmaktad\u0131r.[\/vc_column_text][\/vc_column][vc_column width=&#8221;1\/2&#8243;][\/vc_column][\/vc_row]<\/p>\n","protected":false},"excerpt":{"rendered":"<p>[vc_row][vc_column width=&#8221;1\/2&#8243;][vc_column_text] G\u00dcVENL\u0130 ALI\u015eVER\u0130\u015e &nbsp; \u0130\u00e7iniz rahat olsun, https:\/\/www.ankamakina.com.tr online al\u0131\u015fveri\u015f g\u00fcvenli adresindesiniz. Sitemizden yapaca\u011f\u0131n\u0131z al\u0131\u015fveri\u015flerde y\u00fcksek g\u00fcvenlik standartlar\u0131 ge\u00e7erli.\u00a0COMODO SSL G\u00fcvenlik Sertifikas\u0131\u00a0ve\u00a03D\u00a0Secure servisleri sayesinde g\u00fcvenli\u011finizi riske atmadan sitemizde \u00f6zg\u00fcrce al\u0131\u015fveri\u015f yapabilirsiniz. https:\/\/www.ankamakina.com.tr, kredi kart\u0131yla [&#8230;]<\/p>\n<p><a class=\"more-link btn btn-default btn-sm\" href=\"https:\/\/www.ankajenerator.com.tr\/?page_id=3150\">Continue Reading<\/a><\/p>\n","protected":false},"author":1,"featured_media":0,"parent":0,"menu_order":0,"comment_status":"closed","ping_status":"closed","template":"","meta":{"footnotes":""},"class_list":["post-3150","page","type-page","status-publish","hentry"],"_links":{"self":[{"href":"https:\/\/www.ankajenerator.com.tr\/index.php?rest_route=\/wp\/v2\/pages\/3150","targetHints":{"allow":["GET"]}}],"collection":[{"href":"https:\/\/www.ankajenerator.com.tr\/index.php?rest_route=\/wp\/v2\/pages"}],"about":[{"href":"https:\/\/www.ankajenerator.com.tr\/index.php?rest_route=\/wp\/v2\/types\/page"}],"author":[{"embeddable":true,"href":"https:\/\/www.ankajenerator.com.tr\/index.php?rest_route=\/wp\/v2\/users\/1"}],"replies":[{"embeddable":true,"href":"https:\/\/www.ankajenerator.com.tr\/index.php?rest_route=%2Fwp%2Fv2%2Fcomments&post=3150"}],"version-history":[{"count":1,"href":"https:\/\/www.ankajenerator.com.tr\/index.php?rest_route=\/wp\/v2\/pages\/3150\/revisions"}],"predecessor-version":[{"id":3151,"href":"https:\/\/www.ankajenerator.com.tr\/index.php?rest_route=\/wp\/v2\/pages\/3150\/revisions\/3151"}],"wp:attachment":[{"href":"https:\/\/www.ankajenerator.com.tr\/index.php?rest_route=%2Fwp%2Fv2%2Fmedia&parent=3150"}],"curies":[{"name":"wp","href":"https:\/\/api.w.org\/{rel}","templated":true}]}}